ppose -4*x - 27 = -3*a + 70, -5*a + 5*x + 160 = 0. What is the tens digit of a?
3
Suppose 3*v = -2*v + 150. Suppose 0 = -2*z - 2*m + 16, 8 = 4*z + m - v. Suppose -2*l + 38 = 3*a + 3, a - l = z. What is the units digit of a?
1
Let w(c) = -c**3 + 9*c**2 - 2*c - 7. What is the units digit of w(6)?
9
Suppose -5*m + 88 = -67. What is the tens digit of m?
3
Suppose s = 4*d - 367 + 116, 3*d - 193 = -4*s. What is the tens digit of d?
6
Suppose h = 2*h + 2. Let f be (10/h)/(0 + -1). Suppose 0 = -f*q - 2 + 27. What is the units digit of q?
5
Let a = -1 - -7. Let h = a - 3. What is the units digit of 4/6 + 49/h?
7
Let t(g) be the third derivative of g**5/15 - g**4/6 + g**3/2 - g**2. Suppose -2*z - 4*u = 5 + 7, -4*z + u = -12. What is the units digit of t(z)?
1
Let z = -2 - -4. Let h(g) = 0*g**3 + g**3 - 3*g + 1 + 3 - 1. What is the units digit of h(z)?
5
What is the tens digit of (-219)/((-1)/3 + 2/(-3))?
1
Suppose 2*t - 34 = 2*m, 5*m = t + t - 37. Let n = t + -10. What is the units digit of n?
6
Let y = 49 + -6. What is the units digit of y?
3
What is the units digit of (1 + 1)*31/2?
1
Suppose 0 = -5*b + 5*q + 170, 0 = 4*b + q - 53 - 68. What is the units digit of b?
1
Suppose 2*s + 2*s = -5*j + 496, s - 124 = -3*j. What is the tens digit of s?
2
Let s = 33 - 7. What is the units digit of s?
6
Suppose 3*q - 1 = 2*q. Let r = q - -2. Suppose -11 = -2*u - r. What is the units digit of u?
4
Let n = 128 + -62. What is the units digit of (n/2)/3 - -3?
4
Suppose u + 13 = -p + 2, -2*p - 33 = 3*u. Let o = 8 + u. What is the units digit of 6/8 + o/(-12)?
1
Let y(w) = w**2 - 2*w + 2. What is the units digit of y(8)?
0
Suppose -4*k + 56 = -3*g + 4*g, k + 3*g - 3 = 0. Let l = -11 + k. Let m(s) = -s**3 + 6*s**2 - 5*s. What is the tens digit of m(l)?
1
Suppose -2*r - 2*r = -68. Let t = 29 - r. What is the units digit of t?
2
Suppose 5*d + 4*q - 161 = 0, -4 + 3 = q. What is the tens digit of d?
3
Suppose -2*y + 17 = -1. What is the units digit of y?
9
Suppose -22 = -3*u - 5*g, -2*u - 4*g = -8*g. Suppose u*t - 12 = -4. What is the units digit of t?
2
Let k(n) = -2*n + 11. What is the tens digit of k(0)?
1
Suppose -12 = -f - 2*f. Suppose -y - f = -2*y. Suppose 0 = 2*a - y - 6. What is the units digit of a?
5
What is the tens digit of ((-4)/1)/4*-38?
3
Suppose 0 = -3*c + 3*x + 102, -56 - 20 = -2*c + 4*x. What is the units digit of c?
0
Suppose g + 3 = 4. Suppose 5*i - g = 59. What is the units digit of i?
2
Let l = 12 + -7. Suppose 16 = l*n + 2*a, 5*n - 16 = 2*n + 2*a. Let u = 11 + n. What is the units digit of u?
5
Suppose 1 + 4 = 2*h - 5*v, 4*v - 4 = 0. What is the units digit of h?
5
Suppose 0 = 4*s - 9*s - 3*r + 58, -r = -1. Let l = s + -7. What is the units digit of l?
4
Let h be (3/(-3))/(1/(-17)). Suppose 4*p = 2*q - 30, -5*p + 19 + h = q. What is the units digit of q?
1
Suppose 5*l = 4*x - 609, 0*x + 4*l + 759 = 5*x. What is the tens digit of x?
5
Let p be -3*((-8)/3 - 0). Let u(h) = -h + 16. What is the units digit of u(p)?
8
Let o(n) = 78*n + 2. What is the units digit of o(2)?
8
Suppose -4*c = 3*n, 0 = 3*c - 0*c. Suppose n = -4*r + 18 + 102. Suppose -4*b = -3*q + r, -2*q = -0*q + 4*b. What is the units digit of q?
6
Let i(g) = -g**3 + 2*g**2 + g - 2. Let m be i(2). Suppose m = -3*t + 7*t - 36. Let h = 23 - t. What is the units digit of h?
4
Suppose -y - 55 = -h, 5*h + y = 464 - 159. What is the units digit of h?
0
What is the units digit of (-160)/8*14/(-8)?
5
What is the tens digit of ((-6)/4)/(3/(-28))?
1
Let t(v) = v**2 + 20*v - 16. What is the tens digit of t(-24)?
8
What is the hundreds digit of 266/(-4)*(-1 - 1)?
1
Suppose -4*i - 4*l + 8 = -3*l, 2*l = -2*i + 10. Let c = 65 + -57. Suppose 3*u - c = i. What is the units digit of u?
3
Let s(j) = 52*j + 1. What is the units digit of s(1)?
3
Let r = 27 + -3. Let z = r - 16. What is the units digit of z?
8
Let f(o) = o**2 - 4*o + 3. Let d = -9 + 14. What is the units digit of f(d)?
8
Let b(k) = -24*k + 3. What is the units digit of b(-2)?
1
Suppose -v + 64 = -2*c + 14, 5*v + c - 239 = 0. What is the tens digit of v?
4
Let v(y) = -y**3 + 4*y**2 + 7*y - 7. Let q be v(5). Suppose 0*l - 4*c + 139 = q*l, -2*l = -4*c - 66. What is the units digit of l?
1
Let g = 18 + -19. Let a be 2/(1/6*1). Let q = a + g. What is the units digit of q?
1
Suppose -5*g - 26 = -11. Let j = g + 12. What is the units digit of j?
9
Suppose m - 5*s = -51, 0 = 3*m - 3*s + s + 114. What is the units digit of m/(-45)*(-10)/(-4)?
2
Suppose 0 = 2*o - 6*o + m + 4, 0 = 4*o + 5*m - 28. What is the units digit of o?
2
Suppose 0 = 2*a - c + 132 - 724, 5*a - 1475 = 5*c. What is the hundreds digit of a?
2
Suppose -3*i + 11 = 5*r, -5*i + r + 2*r = -7. Suppose -5*g - i + 87 = 0. What is the units digit of g?
7
Suppose -6*a + 14 = -5*a - 4*p, -4*a + 14 = -2*p. Suppose 2*d = 4*r - 62, -2*d + 0 - a = 0. What is the tens digit of r?
1
Let r be (-1)/(1/9*3). Let m = 3 + r. Suppose 5*p - 75 = -m*p. What is the tens digit of p?
1
Let a = 14 + 23. What is the units digit of a?
7
Suppose -5*r - 1396 + 231 = -5*d, 695 = 3*d - r. What is the units digit of d?
1
Let g be (-2 + (-2 - -4))/1. Suppose -3*j + 18 = -g*j. Let w = -3 + j. What is the units digit of w?
3
Let z = 3 - 3. Suppose -u - r + 6 = z, 3*r - 4 = -5*u + 36. What is the units digit of u?
1
Let w(g) = -g + 5. Let n be w(2). Suppose 4 = 3*v + 2*q, 0 = -2*v + 5*q + 14 - 5. Suppose v*i + 5*b + 26 = n*i, 0 = -3*b - 9. What is the tens digit of i?
1
Let i = 6 - 6. Suppose -k = -i*k + 4. What is the tens digit of ((-6)/k)/(9/60)?
1
Let u(w) = -w**2 + 7*w - 3. Let q be u(6). Suppose n = -4*p + 25, q*p - 5*n + 8 = -2. Suppose -2*l - p = -15. What is the units digit of l?
5
Let w = 8 - 5. What is the units digit of w?
3
Let q = -39 + 124. What is the tens digit of q?
8
Let c be (-4)/((-7)/(63/6)). What is the tens digit of 92/c + (-8)/24?
1
Let b(g) = -g + 2. Suppose 4*s + 6 = 4*h + 70, 2*s = 5*h + 35. Suppose -6*o + o - s = 0. What is the units digit of b(o)?
5
Let f(h) = h**2 - 2*h + 7. What is the units digit of f(-8)?
7
Suppose 3*w - 525 = -2*w + 5*z, 2*w = 5*z + 201. What is the units digit of 2/9 - (-3108)/w?
9
Let x be ((-9)/3)/(3/(-2)). Suppose -4*d - 5*w + 118 = 0, -x*d + 59 = -2*w + 9. What is the units digit of d?
7
Let d(t) = t**2 - 5*t + 1. Let q(r) = r**3 + 10*r**2 - 2*r - 13. Let b be q(-10). Let m be d(b). Suppose m = 5*y - 10. What is the units digit of y?
5
Suppose -4*d + 5*y + 68 = 0, -4*d - 2*y + 5 = -63. Suppose 0 = -k + u + 11, -k + d = -3*u - 0*u. What is the units digit of 172/14 + k/(-28)?
2
Let g = 6 + -4. Suppose g*o - 28 = -2*o. What is the units digit of o?
7
Suppose -1176 = -0*f - 7*f. What is the hundreds digit of f?
1
Suppose w - 5*w = 0. Suppose w*l + 7 = l. What is the units digit of l?
7
Suppose -4*z = p - 4*p + 27, 2*z = 4*p - 26. What is the units digit of p?
5
Let g(f) = 39*f**2 - f. Let h = -2 + 3. What is the units digit of g(h)?
8
Suppose 26 + 4 = 3*l. What is the units digit of (12/10)/(l/75)?
9
Let q(h) = -9*h + 1. Suppose 0 = -3*x - 2*x + 25. Let s = 4 - x. What is the units digit of q(s)?
0
Let x = 40 + 9. What is the units digit of x?
9
Suppose 0 = -4*a - a + 10. Let c = -5 + 9. Suppose 0 = 3*l + w - 38, c*w = -a*l - 0*w + 22. What is the tens digit of l?
1
Let a(f) = 0*f - f + 2*f + 7 + 1. Suppose -4*x = -5*k + x - 45, 5*x - 3 = -k. What is the units digit of a(k)?
1
Let f = 4 - 5. Let p be 28 + -2*(0 - f). Suppose -3*s + p = 2*s - 4*h, 3*s + 3*h - 21 = 0. What is the units digit of s?
6
Let t(x) = -4*x + 5. Let g be t(-9). Let q = g + -24. What is the tens digit of q?
1
Suppose -12 = -p - 3*j, 96 = 5*p + 4*j - 7*j. Let t = -12 + p. What is the units digit of t?
6
Let x(b) = 2*b - 4. Let i be x(3). Let s be (-2)/4 + 1/i. Let g = 17 - s. What is the units digit of g?
7
Suppose j - 3*i + 39 = 3*j, 0 = -j - 5*i + 9. Let z = -17 + j. What is the units digit of z?
7
Let f = -5 + 7. Suppose 0 = f*u - 25 - 7. What is the tens digit of u?
1
Suppose -2*y = -y - 229. What is the units digit of y?
9
Let v be 4/(-3)*(-1 - -7). Let q be (v/(-10))/((-2)/10). What is the units digit of ((-22)/4)/(q/8)?
1
Let i be (-28)/3 + 2/(-3). What is the units digit of 5/(i/(-28)) - 1?
3
Let v = 20 - 2. What is the tens digit of v?
1
Suppose 0 = -4*o + 2*t + 10, 3*o - 8 + 0 = 2*t. Let x(